ivide 182505?
True
Does 3 divide 1299270?
True
Is 332 a factor of 5324284?
True
Is 9031029 a multiple of 1851?
True
Is 147 a factor of 144795?
True
Is 16390357 a multiple of 16?
False
Is 761053 a multiple of 3?
False
Is 68323 a multiple of 3?
False
Does 19 divide 736371?
False
Is 4920691 a multiple of 111?
False
Does 11 divide 10037?
False
Is 2340533 a multiple of 5?
False
Does 256 divide 114176?
True
Is 117 a factor of 9058374?
True
Does 62 divide 11499750?
False
Is 638647 a multiple of 2?
False
Is 1386 a factor of 510048?
True
Does 8 divide 9544?
True
Does 3 divide 7445088?
True
Does 146 divide 516423?
False
Is 549812 a multiple of 80?
False
Is 28 a factor of 238005?
False
Is 31365 a multiple of 17?
True
Is 9709 a multiple of 10?
False
Is 23 a factor of 23128432?
True
Does 14 divide 567450?
False
Is 305 a factor of 99450?
False
Is 110 a factor of 28560?
False
Is 6 a factor of 2494416?
True
Is 1419008 a multiple of 32?
True
Is 188 a factor of 449459?
False
Is 734235 a multiple of 173?
False
Is 460404 a multiple of 14?
True
Is 736 even?
True
Is 74485 a multiple of 5?
True
Is 3550262 a multiple of 68?
False
Does 516 divide 397320?
True
Is 147680 a multiple of 4?
True
Does 121 divide 1641456?
False
Is 3447064 a multiple of 11?
False
Does 247 divide 282321?
True
Is 74412 a multiple of 351?
True
Is 36 a factor of 82357?
False
Is 104 a factor of 929616?
False
Is 20 a factor of 258007?
False
Does 421 divide 662233?
True
Is 391 a factor of 586233?
False
Does 732 divide 3092700?
True
Is 44804 a multiple of 76?
False
Is 144251 a multiple of 334?
False
Is 108 a factor of 80534?
False
Does 27 divide 7800528?
False
Does 82 divide 390648?
True
Does 30 divide 76513?
False
Does 75 divide 921150?
True
Is 24529824 a multiple of 2088?
True
Does 150 divide 1690950?
True
Does 75 divide 460725?
True
Is 90 a factor of 147240?
True
Does 31 divide 5227743?
False
Is 85 a factor of 6710393?
False
Is 880610 a multiple of 107?
True
Is 820512 a multiple of 176?
True
Does 317 divide 536047?
True
Is 5767418 a multiple of 318?
False
Is 944 a factor of 4672724?
False
Does 11 divide 189794?
True
Is 4 a factor of 51698?
False
Is 27611 a multiple of 12?
False
Is 388 a factor of 4607112?
True
Does 1599 divide 7265856?
True
Is 2650 a multiple of 215?
False
Is 2974049 a multiple of 39?
False
Is 1743238 a multiple of 5?
False
Is 14 a factor of 541660?
True
Is 73 a factor of 296818?
True
Does 7 divide 905560?
False
Is 204675 a multiple of 13?
False
Does 84 divide 11222508?
False
Is 5782163 a multiple of 49?
False
Does 222 divide 253783?
False
Is 1324904 a multiple of 6?
False
Is 9280 a multiple of 19?
False
Does 22 divide 144809?
False
Is 3614560 a multiple of 20?
True
Is 22 a factor of 265232?
True
Is 19953855 a multiple of 45?
True
Is 1880228 a multiple of 53?
True
Does 208 divide 311422?
False
Does 76 divide 271743?
False
Is 49147 a multiple of 4?
False
Does 45 divide 724500?
True
Does 469 divide 137886?
True
Does 304 divide 5521148?
False
Is 5120440 a multiple of 215?
True
Does 19 divide 86472?
False
Is 72665 a multiple of 33?
False
Is 89670 a multiple of 366?
True
Does 980 divide 13444731?
False
Is 3568355 a multiple of 29?
False
Is 555 a factor of 204240?
True
Is 133575 a multiple of 137?
True
Is 87 a factor of 1387215?
True
Does 251 divide 160891?
True
Is 45 a factor of 160836?
False
Is 6 a factor of 92377?
False
Is 119533 a multiple of 63?
False
Is 153776 a multiple of 629?
False
Does 189 divide 559096?
False
Does 47 divide 237621?
False
Is 2 a factor of 2230023?
False
Is 13851 a multiple of 9?
True
Is 217 a factor of 2105980?
False
Is 2616776 even?
True
Is 564036 a multiple of 10?
False
Is 349842 a multiple of 402?
False
Is 33143 a multiple of 13?
False
Does 9 divide 68600?
False
Does 3 divide 71809?
False
Is 2021838 a multiple of 6?
True
Does 97 divide 1106576?
True
Is 90 a factor of 12289756?
False
Is 12 a factor of 135557?
False
Does 99 divide 336501?
True
Is 464 a factor of 617675?
False
Is 80 a factor of 1232880?
True
Does 13 divide 362427?
True
Does 203 divide 584437?
True
Is 499 a factor of 228840?
False
Is 17 a factor of 2837776?
True
Is 167805 a multiple of 99?
True
Is 233 a factor of 273902?
False
Does 83 divide 199095?
False
Is 34118 a multiple of 2?
True
Is 108 a factor of 235116?
True
Is 48 a factor of 7128672?
True
Is 278066 a multiple of 30?
False
Is 15288 a multiple of 26?
True
Does 121 divide 366427?
False
Is 157394 a multiple of 32?
False
Does 293 divide 1368017?
True
Does 12 divide 958752?
True
Is 20 a factor of 65060?
True
Is 11 a factor of 119221?
False
Is 229973 a multiple of 6?
False
Is 314976 a multiple of 16?
True
Is 118338 a multiple of 363?
True
Is 6 a factor of 27786?
True
Is 451111 a multiple of 50?
False
Is 357101 a multiple of 79?
False
Does 38 divide 287592?
False
Is 4307 a multiple of 73?
True
Does 8 divide 273472?
True
Does 85 divide 105593?
False
Is 93480 a multiple of 57?
True
Does 300 divide 507600?
True
Is 140500 a multiple of 389?
False
Is 15 a factor of 85521?
False
Is 1772378 a multiple of 716?
False
Does 144 divide 175715?
False
Is 6011302 a multiple of 8?
False
Does 70 divide 422660?
True
Does 261 divide 7308?
True
Is 40317 even?
False
Is 4 a factor of 6517457?
False
Does 956 divide 670156?
True
Is 185 a factor of 413845?
True
Is 106 a factor of 521308?
True
Does 105 divide 99729?
False
Does 80 divide 100560?
True
Is 21351212 a multiple of 2252?
True
Is 4545014 a multiple of 122?
False
Is 919 a factor of 1085339?
True
Is 67416 a multiple of 26?
False
Is 43 a factor of 24443?
False
Does 3 divide 617031?
True
Is 9 a factor of 80055?
True
Is 11251 a multiple of 27?
False
Is 80 a factor of 6080?
True
Is 514857 a multiple of 21?
True
Is 32 a factor of 3636416?
True
Is 14 a factor of 604412?
False
Does 899 divide 1150720?
True
Is 35 a factor of 124154?
False
Is 355878 a multiple of 69?
False
Does 26 divide 128216?
False
Is 4414400 a multiple of 200?
True
Does 61 divide 513480?
False
Is 253 a factor of 30360?
True
Does 219 divide 9359403?
True
Is 235575 a multiple of 36?
False
Is 34 a factor of 600190?
False
Is 752 a factor of 2687648?
True
Does 199 divide 124431?
False
Does 431 divide 141648?
False
Is 339739 a multiple of 19?
True
Is 567050 a multiple of 22?
True
Does 28 divide 2195984?
True
Does 344 divide 1586872?
True
Does 748 divide 5236?
True
Is 114 a factor of 28782?
False
Does 152 divide 604276?
False
Is 57 a factor of 169575?
True
Is 293 a factor of 276073?
False
Is 20 a factor of 8297?
False
Is 4 a factor of 4524334?
False
Is 6 a factor of 988471?
False
Is 36540 a multiple of 29?
True
Does 120 divide 516326?
False
Does 229 divide 322359?
False
Does 199 divide 8489340?
True
Is 105518 a multiple of 4?
False
Is 6687030 a multiple of 14?
True
Does 319 divide 3384411?
False
Is 1319796 a multiple of 44?
False
Is 97 a factor of 3065394?
True
Does 99 divide 144738?
True
Is 30466648 a multiple of 90?
False
Is 419938 a multiple of 19?
True
Is 165600 a multiple of 120?
True
Does 47 divide 5803231?
True
Is 217 a multiple of 7?
True
Does 20 divide 27120?
True
Does 54 divide 3624966?
True
Does 88 divide 1004832?
False
Does 14 divide 103676?
False
Is 1942697 a multiple of 215?
False
Does 145 divide 3388?
False
Is 723 a factor of 3022140?
True
Is 50251 a multiple of 41?
False
Does 96 divide 414528?
True
Is 1692360 a multiple of 8?
True
Does 373 divide 287036?
False
Does 1396 divide 5281969?
False
Is 4 a factor of 4999344?
True
Is 606165 a multiple of 115?
True
Is 77 a factor of 67630?
False
Is 12 a factor of 8434?
False
Is 58259 a multiple of 450?
False
Is 19 a factor of 84455?
True
Does 299 divide 1368206?
False
Does 56 divide 1510112?
False
Is 34310 a multiple of 47?
True
Is 215350 a multiple of 118?
True
Is 184 a factor of 104512?
True
Is 11 a factor of 21923?
True
Is 44 a factor of 3369520?
True
Is 1186361 a multiple of 4?
False
Does 94 divide 329528?
False
Is 3261857 a multiple of 74?
False
Is 3 a factor of 493286?
False
Is 108736 a multiple of 32?
True
Is 13 a factor of 851071?
True
Is 976 a factor of 558886?
False
Is 606 a factor of 4274554?
False
Is 967 a factor of 1549155?
False
Does 7 divide 159194?
True
Is 43822 a multiple of 105?
False
Is 77 a factor of 1134322?
False
Is 43583 a multiple of 19?
False
Is 30318 a multiple of 55?
F